x) = x - 7. Determine g(l).
-7
Let h(p) = -3 - 10*p + 11*p + 12*p - 8*p - 6*p. Calculate h(-4).
1
Let f(w) be the second derivative of -5*w**3/6 - 3*w**2/2 - w + 34. Give f(-4).
17
Let y(x) be the first derivative of x**3/3 + x**2/2 - 7*x - 1. Let t be y(3). Let z(v) = 3*v - 1 - 4 - t + 4. Calculate z(4).
6
Let b be -4 + 40*15/10. Let v = b - 38. Let m be (v/(-21))/(2/14). Let j(z) = z + 6. What is j(m)?
0
Let g be (-1)/((-4)/(16/2)). Suppose 5*i - 23 = 2*h, -g*h - 2 = 6. Let v(p) = -7*p - 1 + 1 + 2 + 2*p**2 - i. Calculate v(5).
14
Let p(n) be the first derivative of 3*n**2/2 - 13*n - 103. Give p(6).
5
Let i(f) = -11 - 20 - f**2 - 12*f + 15. Let a be i(-10). Let s(w) = w**3 - 6*w**2 + 5*w - 4. What is s(a)?
-16
Let h(a) = 3*a - 9. Let c = -45 - -43. Let l be c/(-18) + 53/9. Calculate h(l).
9
Suppose -4 = -6*a + 2*a. Let u be (-11 + 8)*(a + -2). Let z(r) = r + 3. What is z(u)?
6
Let v(n) = -n**3 + 2*n**2 + 1. Let f(t) = 13*t**3 - t**2 - 2. Let c(z) = -f(z) - v(z). Determine c(-1).
12
Let x(p) = 0 + 1 + 0 - 3*p - 3. Give x(2).
-8
Let r(s) = s**3 + 5*s**2 - 6*s + 3. Let z be r(-6). Let h(x) = -3*x + 22 + x**3 - 3*x**2 + 0*x**z - 42 + 22. Give h(4).
6
Suppose 736 = -3*z - 5*z. Let m = z + 87. Let l(b) = -b - 11. Determine l(m).
-6
Let j(o) = 3*o - 1. Let y(s) = 4*s**2 - 8*s - 2. Let m(u) = u**2 - u - 1. Let k(f) = -3*m(f) + y(f). Let v(p) = -5*j(p) - 2*k(p). Determine v(-4).
-9
Let o(w) be the second derivative of -7/6*w**3 - 1/12*w**4 + 0 - 3/2*w**2 - 3*w. Suppose 3 + 0 = 3*x, -2*m - 8 = 4*x. What is o(m)?
3
Let v(i) = i + 3. Suppose -5*n + j - 3 = -4*n, n - 22 = -4*j. Suppose p - 4*p - 14 = 2*b, 10 = -3*p + n*b. Calculate v(p).
-1
Let d = 0 - 2. Let j = 3 - 1. Let k(u) = -1 + j*u - 2*u + u. What is k(d)?
-3
Let m(h) = h**3 - 5*h**2 - 5*h. Suppose -12 = -k - 3*k. Suppose 0 = -k*p + 22 - 4. Determine m(p).
6
Let f(d) = 9*d**2 - 8*d - 18. Let h(g) = -7*g**2 + 6*g + 19. Let y(a) = -3*f(a) - 4*h(a). Give y(5).
3
Suppose -28 = 3*a + 2. Let t be 7*1 - 2/2. Let d = t + a. Let h(m) = -3*m - 6. Give h(d).
6
Let a(c) = 3*c**2 - c. Let g(i) = -4*i**2 + i. Let f(m) = -m**3 - 15*m**2 + 16*m - 5. Let w be f(-16). Let j(q) = w*a(q) - 4*g(q). Determine j(3).
12
Let o(t) = -t + 1. Let i(x) = x**2 + 6*x + 26. Let r(p) = -i(p) + 6*o(p). Give r(-9).
7
Suppose 0*r = 4*r - 4. Let w be 76/20 - r/(-5). Let b(u) = -2*u - 1. What is b(w)?
-9
Let g(o) be the second derivative of o**5/120 + 5*o**4/24 + o**3/3 + 8*o. Let v(s) be the second derivative of g(s). Calculate v(4).
9
Let i be 3 - -5 - 4/1. Suppose b - 10 = -3*p, b + 4*b = -p - 20. Let x(o) = -p*o - 6 + 5 - 1 + i*o. Calculate x(0).
-2
Let v(b) = 2*b + 3. Let d(o) = -5*o - 8. Let p(j) = 3*d(j) + 8*v(j). Suppose -3*t + 8 = -2*q + 20, 0 = -q. Determine p(t).
-4
Suppose 0 = -33*z + 40*z + 21. Let q(f) = 5*f - 3. Let m(i) = -16*i + 10. Let b(y) = -2*m(y) - 7*q(y). Calculate b(z).
10
Let x = 7 + -11. Let u(p) = -4 - 15*p + 184*p - 168*p. Give u(x).
-8
Let j(f) = 5*f**3 - 2*f**2 - 2*f - 3. Let s(w) = -10*w**3 + 3*w**2 + 3*w + 5. Let v(i) = -5*j(i) - 3*s(i). Suppose 0 = 3*a + 6 - 3. Determine v(a).
-5
Let f(w) = -2*w**3 + w**2 + w + 1. Let h be f(2). Let z(r) = 8*r + 7. Let i(x) = 3*x + 3. Let u(o) = 11*i(o) - 4*z(o). Calculate u(h).
-4
Let k be 80/3 - 20/30. Let q = k + -22. Let z(a) = -a**3 + 4*a**2 - a - 2. Give z(q).
-6
Suppose 5*g + 2*y = 33, 0 = 4*g - 8*y + 7*y - 29. Let c(v) = v**3 - 7*v**2 - 2*v + 9. Give c(g).
-5
Let o(x) = -x**3 - 23*x**2 + 3. Let t be o(-23). Let p(c) = -c - 4*c - c**2 + 3 + 2*c**2 + c**3 - 2*c**2. What is p(t)?
6
Let f(x) = -3*x**2 + 9*x - 9. Let m(o) = o**2 - 3*o + 3. Let y(n) = -4*f(n) - 11*m(n). Suppose j + 14 = -16. Let a be (20/j)/(2/(-6)). What is y(a)?
1
Let f(s) = -3*s + 383 - s**2 - 389 + 8*s. Calculate f(4).
-2
Let k(g) = -g + 1. Let n(b) = -b**3 - b**2 - 5. Suppose 3 = 4*z + 3*t, 4*t + 3 = 3*z + 7*t. Let q be n(z). Calculate k(q).
6
Let s(k) = 3*k**2 + k + 1. Let u(d) = -7*d**2 - d - 2. Let v(m) = 5*s(m) + 2*u(m). Let r be -1 + -2 - (-12 - 0). Suppose -3*h + 0 = r. Determine v(h).
1
Let f be 182/(((-28)/(-16))/7). Let q be (-2)/9 + f/(-126). Let i(n) = 7*n**2 + n**3 + 2*n + 2*n + 3 - 9. Give i(q).
6
Let q(w) = -w**3 + w + 1. Let l(z) = 7*z**3 - 7*z**2 + z - 11. Let m(s) = l(s) + 6*q(s). Suppose -g + 5*v + 31 = 0, -g + v = -12 + 1. Give m(g).
1
Let s(t) be the third derivative of t**6/120 + t**5/60 - t**4/12 + t**3/3 + 2*t**2. Let b = -408 - -96. Let r be ((-18)/10)/3 - b/120. Determine s(r).
10
Suppose 4*q - 2*g + 4 = 0, -4*q - 4*g = g + 32. Let i be 1*(-7 - q) + 1. Let f(m) be the third derivative of m**5/30 + m**4/6 - m**3/6 - 2*m**2. Calculate f(i).
5
Let d(s) be the third derivative of 0 - 5/6*s**3 + 41*s**2 + 0*s + 1/6*s**4 + 1/60*s**5. Give d(-6).
7
Let n(d) = -d**2 + 12*d - 5. Let s be n(10). Let p = s - 19. Let m(o) = o - 5. Let i(v) = -3*v + 14. Let t(w) = -3*i(w) - 8*m(w). Determine t(p).
-6
Let r(a) = a**2 + 6*a + 4. Let q be r(-5). Suppose -3*j = -14*j + 55. Let c(w) = 230 + j*w - w - 230. Determine c(q).
-4
Suppose 0 = o - k + 1, -2*o - 3*k - 4 = 8. Let g(q) = -q**2 - q - 3. What is g(o)?
-9
Let l be 5 + 1 + -6 + 0. Let i(x) = 0 - x**2 + 2 - 6 - x**3. Determine i(l).
-4
Let l(s) = -11*s**3 + 37*s**2 - 10*s + 10. Let g(x) = 5*x**3 - 18*x**2 + 6*x - 5. Let q(k) = 9*g(k) + 4*l(k). Determine q(13).
8
Let f = -2 - -10. Let i be f + (2/2)/(6/(-24)). Let o(w) = -w**2 + 2*w + 2. Give o(i).
-6
Let v = -6 + 8. Suppose 3*u - 5 = -v*i + 4*u, 2*i - 3*u - 7 = 0. Let y(a) = a + a**3 - i + 1 + 6. What is y(0)?
5
Suppose 2*c = -p + 3 + 1, -2*c = -p + 8. Let o(u) = -1 + 3 - 5 + 2 - 2*u + 4. Determine o(p).
-9
Let d = 15 - 4. Let y = -8 + 14. Let l(x) = 7*x**2 - 7*x + 15. Let t(g) = -4*g**2 + 4*g - 8. Let c(b) = d*t(b) + y*l(b). Give c(-2).
-10
Let z(i) = -i + 2*i**3 - 2*i + 4 + 4*i**2 - i**3. Let r = -3992 - -3987. Give z(r).
-6
Let c(d) = 4 - 6 - 22 - 7 + 18*d - d**2 - 9. Give c(15).
5
Let r be (-11)/11*(5 - 4). Let j(i) = -7*i + 4*i**2 + 9*i - 2*i**2 + 6*i**3 + 1. Calculate j(r).
-5
Suppose 14 = 3*g - 2*d, 2*g - 4*d + 2 = 22. Let c(r) be the first derivative of -2*r**2 + 1. Determine c(g).
-8
Let m = 0 - -5. Let w = m - 8. Let y(n) = 2*n + 3. What is y(w)?
-3
Suppose 0 = 2*c + c - o - 1, -3*o = -2*c + 3. Let w(f) be the third derivative of -f**5/60 - f**4/24 - 4*f**3/3 - 2*f**2. Determine w(c).
-8
Let r(a) = 0 - a + 3*a + 4 - 6. Suppose 0*k + k - 2*f = -2, 4*f + 8 = -4*k. Calculate r(k).
-6
Suppose 8*g = g + 21. Let f(o) = -18*o**2 - o + 2*o**g - 2 + 20*o**2 + 1 + 0. Give f(-2).
-7
Let y(j) be the first derivative of -j**3 + j**2/2 + j - 2. Suppose 0 = 5*w - 35. Suppose -5*q = -4*s + 23, 5*s - q - w = 6. Give y(s).
-9
Let i(q) = 9*q**3 + q**2 - q. Let z be -35*13/((-91)/10). Let p be 1/(-6) - (3 + z/(-12)). Calculate i(p).
9
Let x(b) = 242*b - 241*b + 21*b**2 - 24*b**2 + 2. Let t = -3 - -5. Determine x(t).
-8
Let f(v) = v**3 + 8*v**2 + 8*v - 6. Suppose -m = 2*o + 13 - 2, 5*m = 2*o + 29. What is f(o)?
-13
Let a(h) = -9*h**2 + 32*h + 9. Let r be a(4). Let k(x) = x**2 + 5*x + 9. Give k(r).
23
Suppose 133 - 142 = 3*i. Let f(x) = -5 + 0*x - 3 + x - 5*x**3 - 8*x**2. Let d(n) = 2*n**3 + 4*n**2 + 4. Let u(z) = i*f(z) - 7*d(z). What is u(5)?
6
Let j(m) = -2 + 3 - 4*m**2 - m**2. Let r = -107 - -108. What is j(r)?
-4
Let a(w) be the first derivative of w**2/2 + 2. Let c = 20 - 20. Suppose -7*z - 42 + 7 = c. Calculate a(z).
-5
Let v be (19 + -21)*(2 - 36/8). Let f(g) = 3*g - 5. Let s(l) = 4*l - 7. Let m(u) = -7*f(u) + 5*s(u). Determine m(v).
-5
Let u be ((-203)/56 + 4)*16/120. Let o(d) be the second derivative of -u*d**5 + 1/3*d**3 + 0 + d**2 + 1/6*d**4 + 7*d. Determine o(3).
-1
Let w(y) = 10*y - 141. Let u be w(15). Let o(v) = -2*v + 11. Determine o(u).
-7
Let d(m) = -1 - 19*m - 11*m + 25*m. What is d(-1)?
4
Let c(u) = 2*u - 4. Suppose 0 = w - 5*n - 19, 5*w = n + n + 26. Let i be c(w). Suppose -2*o = 6 + i. Let q(a) = a**2 + 7*a - 1. Determine q(o).
-11
Let q(b) = -b + 6. Let x(r) = r**3 - 6*r**2 - r - 4. Let m be x(6). Let l = -47 - -40. Let d = l - m. Determine q(d).
3
Let r(l) be the third derivative of -l**4/24 + 5*l**3/6 + 4*l**2. Determine r(6).
-1
Suppose 0*i + 16 = -2*i. Let w(x) = -x**2 - 2*x - 14. Let g(v) = -v**3 - 13*v**2 - 3*v - 86. Let k(c) = -g(c) + 6*w(c). Determine k(i).
10
Le